{"id":1525,"date":"2025-01-17T09:56:10","date_gmt":"2025-01-17T08:56:10","guid":{"rendered":"https:\/\/egle-immobilien.ch\/?page_id=1525"},"modified":"2025-01-20T13:09:13","modified_gmt":"2025-01-20T12:09:13","slug":"formular-fur-fremdparker","status":"publish","type":"page","link":"https:\/\/egle-immobilien.ch\/?page_id=1525","title":{"rendered":"Formular f\u00fcr Fremdparker"},"content":{"rendered":"\t\t<div data-elementor-type=\"wp-page\" data-elementor-id=\"1525\" class=\"elementor elementor-1525\" data-elementor-settings=\"{&quot;ha_cmc_init_switcher&quot;:&quot;no&quot;}\" data-elementor-post-type=\"page\">\n\t\t\t\t<div class=\"elementor-element elementor-element-5b74de8 e-flex e-con-boxed e-con e-parent\" data-id=\"5b74de8\" data-element_type=\"container\" data-settings=\"{&quot;_ha_eqh_enable&quot;:false}\">\n\t\t\t\t\t<div class=\"e-con-inner\">\n\t\t\t\t<div class=\"elementor-element elementor-element-019f469 elementor-widget elementor-widget-heading\" data-id=\"019f469\" data-element_type=\"widget\" data-widget_type=\"heading.default\">\n\t\t\t\t<div class=\"elementor-widget-container\">\n\t\t\t\t\t<h2 class=\"elementor-heading-title elementor-size-default\">Formular f\u00fcr Fremdparker<\/h2>\t\t\t\t<\/div>\n\t\t\t\t<\/div>\n\t\t\t\t<div class=\"elementor-element elementor-element-ff8c2c8 elementor-widget elementor-widget-wpforms\" data-id=\"ff8c2c8\" data-element_type=\"widget\" data-widget_type=\"wpforms.default\">\n\t\t\t\t<div class=\"elementor-widget-container\">\n\t\t\t\t\t<style id=\"wpforms-css-vars-elementor-widget-ff8c2c8\">\n\t\t\t\t.elementor-widget-wpforms.elementor-element-ff8c2c8 {\n\t\t\t\t--wpforms-field-size-input-height: 43px;\n--wpforms-field-size-input-spacing: 15px;\n--wpforms-field-size-font-size: 16px;\n--wpforms-field-size-line-height: 19px;\n--wpforms-field-size-padding-h: 14px;\n--wpforms-field-size-checkbox-size: 16px;\n--wpforms-field-size-sublabel-spacing: 5px;\n--wpforms-field-size-icon-size: 1;\n--wpforms-label-size-font-size: 16px;\n--wpforms-label-size-line-height: 19px;\n--wpforms-label-size-sublabel-font-size: 14px;\n--wpforms-label-size-sublabel-line-height: 17px;\n--wpforms-button-size-font-size: 17px;\n--wpforms-button-size-height: 41px;\n--wpforms-button-size-padding-h: 15px;\n--wpforms-button-size-margin-top: 10px;\n\n\t\t\t}\n\t\t\t<\/style><div class=\"wpforms-container wpforms-container-full wpforms-render-modern\" id=\"wpforms-1466\"><form id=\"wpforms-form-1466\" class=\"wpforms-validate wpforms-form wpforms-ajax-form\" data-formid=\"1466\" method=\"post\" enctype=\"multipart\/form-data\" action=\"\/index.php?rest_route=%2Fwp%2Fv2%2Fpages%2F1525\" data-token=\"8911bedb5dbd3ac3fecca150a43e9efe\" data-token-time=\"1778153296\"><noscript class=\"wpforms-error-noscript\">Bitte aktiviere JavaScript in deinem Browser, um dieses Formular fertigzustellen.<\/noscript><div class=\"wpforms-hidden\" id=\"wpforms-error-noscript\">Bitte aktiviere JavaScript in deinem Browser, um dieses Formular fertigzustellen.<\/div><div class=\"wpforms-field-container\"><div id=\"wpforms-1466-field_1-container\" class=\"wpforms-field wpforms-field-name\" data-field-id=\"1\"><fieldset><legend class=\"wpforms-field-label\">Name <span class=\"wpforms-required-label\" aria-hidden=\"true\">*<\/span><\/legend><div class=\"wpforms-field-row wpforms-field-medium\"><div class=\"wpforms-field-row-block wpforms-first wpforms-one-half\"><input type=\"text\" id=\"wpforms-1466-field_1\" class=\"wpforms-field-name-first wpforms-field-required\" name=\"wpforms[fields][1][first]\" aria-errormessage=\"wpforms-1466-field_1-error\" required><label for=\"wpforms-1466-field_1\" class=\"wpforms-field-sublabel after\">Vorname<\/label><\/div><div class=\"wpforms-field-row-block wpforms-one-half\"><input type=\"text\" id=\"wpforms-1466-field_1-last\" class=\"wpforms-field-name-last wpforms-field-required\" name=\"wpforms[fields][1][last]\" aria-errormessage=\"wpforms-1466-field_1-last-error\" required><label for=\"wpforms-1466-field_1-last\" class=\"wpforms-field-sublabel after\">Nachname<\/label><\/div><\/div><\/fieldset><\/div><div id=\"wpforms-1466-field_16-container\" class=\"wpforms-field wpforms-field-text\" data-field-id=\"16\"><label class=\"wpforms-field-label\" for=\"wpforms-1466-field_16\">Wohnadresse <span class=\"wpforms-required-label\" aria-hidden=\"true\">*<\/span><\/label><input type=\"text\" id=\"wpforms-1466-field_16\" class=\"wpforms-field-medium wpforms-field-required\" name=\"wpforms[fields][16]\" aria-errormessage=\"wpforms-1466-field_16-error\" required><\/div><div id=\"wpforms-1466-field_3-container\" class=\"wpforms-field wpforms-field-email\" data-field-id=\"3\"><fieldset><legend class=\"wpforms-field-label\">E-Mail-Adresse  <span class=\"wpforms-required-label\" aria-hidden=\"true\">*<\/span><\/legend><div class=\"wpforms-field-row wpforms-field-medium\"><div class=\"wpforms-field-row-block wpforms-one-half wpforms-first\"><input type=\"email\" id=\"wpforms-1466-field_3\" class=\"wpforms-field-required wpforms-field-email-primary\" name=\"wpforms[fields][3][primary]\" spellcheck=\"false\" aria-errormessage=\"wpforms-1466-field_3-error\" required><label for=\"wpforms-1466-field_3\" class=\"wpforms-field-sublabel after\">E-Mail-Adresse<\/label><\/div><div class=\"wpforms-field-row-block wpforms-one-half\"><input type=\"email\" id=\"wpforms-1466-field_3-secondary\" class=\"wpforms-field-email-secondary wpforms-field-required\" data-rule-confirm=\"#wpforms-1466-field_3\" name=\"wpforms[fields][3][secondary]\" spellcheck=\"false\" aria-errormessage=\"wpforms-1466-field_3-secondary-error\" required><label for=\"wpforms-1466-field_3-secondary\" class=\"wpforms-field-sublabel after\">E-Mail best\u00e4tigen<\/label><\/div><\/div><\/fieldset><\/div><div id=\"wpforms-1466-field_17-container\" class=\"wpforms-field wpforms-field-text\" data-field-id=\"17\"><label class=\"wpforms-field-label\" for=\"wpforms-1466-field_17\">Telefonnummer<\/label><input type=\"text\" id=\"wpforms-1466-field_17\" class=\"wpforms-field-medium\" name=\"wpforms[fields][17]\" aria-errormessage=\"wpforms-1466-field_17-error\" ><\/div><div id=\"wpforms-1466-field_18-container\" class=\"wpforms-field wpforms-field-text\" data-field-id=\"18\"><label class=\"wpforms-field-label\" for=\"wpforms-1466-field_18\">Fahrzeugkennzeichen: <span class=\"wpforms-required-label\" aria-hidden=\"true\">*<\/span><\/label><input type=\"text\" id=\"wpforms-1466-field_18\" class=\"wpforms-field-medium wpforms-field-required\" name=\"wpforms[fields][18]\" aria-errormessage=\"wpforms-1466-field_18-error\" required><\/div><div id=\"wpforms-1466-field_23-container\" class=\"wpforms-field wpforms-field-text\" data-field-id=\"23\"><label class=\"wpforms-field-label\" for=\"wpforms-1466-field_23\">Kontrollzettelnummer: <span class=\"wpforms-required-label\" aria-hidden=\"true\">*<\/span><\/label><input type=\"text\" id=\"wpforms-1466-field_23\" class=\"wpforms-field-medium wpforms-field-required\" name=\"wpforms[fields][23]\" aria-errormessage=\"wpforms-1466-field_23-error\" required><\/div><div id=\"wpforms-1466-field_19-container\" class=\"wpforms-field wpforms-field-text\" data-field-id=\"19\"><label class=\"wpforms-field-label\" for=\"wpforms-1466-field_19\">Datum des Vorfalls: <span class=\"wpforms-required-label\" aria-hidden=\"true\">*<\/span><\/label><input type=\"text\" id=\"wpforms-1466-field_19\" class=\"wpforms-field-medium wpforms-field-required\" name=\"wpforms[fields][19]\" aria-errormessage=\"wpforms-1466-field_19-error\" required><\/div><div id=\"wpforms-1466-field_22-container\" class=\"wpforms-field wpforms-field-text\" data-field-id=\"22\"><label class=\"wpforms-field-label\" for=\"wpforms-1466-field_22\">Erkl\u00e4rung zum Vorfall: (Schildern Sie bitte den Vorfall aus Ihrer Sicht)<\/label><input type=\"text\" id=\"wpforms-1466-field_22\" class=\"wpforms-field-medium\" name=\"wpforms[fields][22]\" aria-errormessage=\"wpforms-1466-field_22-error\" ><\/div><div id=\"wpforms-1466-field_21-container\" class=\"wpforms-field wpforms-field-checkbox\" data-field-id=\"21\"><fieldset><legend class=\"wpforms-field-label\">Haben Sie eine Umtriebsentsch\u00e4digung oder einen Strafbefehl erhalten?<\/legend><ul id=\"wpforms-1466-field_21\"><li class=\"choice-1 depth-1\"><input type=\"checkbox\" id=\"wpforms-1466-field_21_1\" name=\"wpforms[fields][21][]\" value=\"Umtriebsentsch\u00e4digung\" aria-errormessage=\"wpforms-1466-field_21_1-error\"  ><label class=\"wpforms-field-label-inline\" for=\"wpforms-1466-field_21_1\">Umtriebsentsch\u00e4digung<\/label><\/li><li class=\"choice-2 depth-1\"><input type=\"checkbox\" id=\"wpforms-1466-field_21_2\" name=\"wpforms[fields][21][]\" value=\"Strafbefehl\" aria-errormessage=\"wpforms-1466-field_21_2-error\"  ><label class=\"wpforms-field-label-inline\" for=\"wpforms-1466-field_21_2\">Strafbefehl<\/label><\/li><li class=\"choice-3 depth-1\"><input type=\"checkbox\" id=\"wpforms-1466-field_21_3\" name=\"wpforms[fields][21][]\" value=\"Sonstiges\" aria-errormessage=\"wpforms-1466-field_21_3-error\"  ><label class=\"wpforms-field-label-inline\" for=\"wpforms-1466-field_21_3\">Sonstiges<\/label><\/li><\/ul><\/fieldset><\/div><div id=\"wpforms-1466-field_9-container\" class=\"wpforms-field wpforms-field-radio\" data-field-id=\"9\"><fieldset><legend class=\"wpforms-field-label\">Haben Sie bereits auf die Umtriebsentsch\u00e4digung oder den Strafbefehl reagiert? <span class=\"wpforms-required-label\" aria-hidden=\"true\">*<\/span><\/legend><ul id=\"wpforms-1466-field_9\" class=\"wpforms-field-required\"><li class=\"choice-1 depth-1\"><input type=\"radio\" id=\"wpforms-1466-field_9_1\" name=\"wpforms[fields][9]\" value=\"Ja, ich habe bereits bezahlt.\" aria-errormessage=\"wpforms-1466-field_9_1-error\" required ><label class=\"wpforms-field-label-inline\" for=\"wpforms-1466-field_9_1\">Ja, ich habe bereits bezahlt.<\/label><\/li><li class=\"choice-2 depth-1\"><input type=\"radio\" id=\"wpforms-1466-field_9_2\" name=\"wpforms[fields][9]\" value=\"Nein, ich habe noch nicht reagiert.\" aria-errormessage=\"wpforms-1466-field_9_2-error\" required ><label class=\"wpforms-field-label-inline\" for=\"wpforms-1466-field_9_2\">Nein, ich habe noch nicht reagiert.<\/label><\/li><li class=\"choice-3 depth-1\"><input type=\"radio\" id=\"wpforms-1466-field_9_3\" name=\"wpforms[fields][9]\" value=\"Ich habe Einspruch erhoben.\" aria-errormessage=\"wpforms-1466-field_9_3-error\" required ><label class=\"wpforms-field-label-inline\" for=\"wpforms-1466-field_9_3\">Ich habe Einspruch erhoben.<\/label><\/li><\/ul><\/fieldset><\/div><div id=\"wpforms-1466-field_13-container\" class=\"wpforms-field wpforms-field-radio\" data-field-id=\"13\"><fieldset><legend class=\"wpforms-field-label\">Haben Sie Fotos oder andere Beweismittel, die den Vorfall betreffen? <span class=\"wpforms-required-label\" aria-hidden=\"true\">*<\/span><\/legend><ul id=\"wpforms-1466-field_13\" class=\"wpforms-field-required\"><li class=\"choice-1 depth-1\"><input type=\"radio\" id=\"wpforms-1466-field_13_1\" name=\"wpforms[fields][13]\" value=\"Ja\" aria-errormessage=\"wpforms-1466-field_13_1-error\" required ><label class=\"wpforms-field-label-inline\" for=\"wpforms-1466-field_13_1\">Ja<\/label><\/li><li class=\"choice-2 depth-1\"><input type=\"radio\" id=\"wpforms-1466-field_13_2\" name=\"wpforms[fields][13]\" value=\"Nein\" aria-errormessage=\"wpforms-1466-field_13_2-error\" required ><label class=\"wpforms-field-label-inline\" for=\"wpforms-1466-field_13_2\">Nein<\/label><\/li><\/ul><\/fieldset><\/div><div id=\"wpforms-1466-field_15-container\" class=\"wpforms-field wpforms-field-radio\" data-field-id=\"15\"><fieldset><legend class=\"wpforms-field-label\">Einwilligung zur Bearbeitung und Kontaktaufnahme: <span class=\"wpforms-required-label\" aria-hidden=\"true\">*<\/span><\/legend><ul id=\"wpforms-1466-field_15\" class=\"wpforms-field-required\"><li class=\"choice-1 depth-1\"><input type=\"radio\" id=\"wpforms-1466-field_15_1\" name=\"wpforms[fields][15]\" value=\"Ja\" aria-errormessage=\"wpforms-1466-field_15_1-error\" aria-describedby=\"wpforms-1466-field_15-description\" required ><label class=\"wpforms-field-label-inline\" for=\"wpforms-1466-field_15_1\">Ja<\/label><\/li><\/ul><div id=\"wpforms-1466-field_15-description\" class=\"wpforms-field-description\">Ich erkl\u00e4re mich damit einverstanden, dass meine Angaben zur Kl\u00e4rung des Vorfalls verwendet werden und dass die EGLE Immobilien GmbH mich f\u00fcr die weiteren Kl\u00e4rung des Falles kontaktieren darf.<\/div><\/fieldset><\/div><\/div><!-- .wpforms-field-container --><div class=\"wpforms-submit-container\" ><input type=\"hidden\" name=\"wpforms[id]\" value=\"1466\"><input type=\"hidden\" name=\"page_title\" value=\"\"><input type=\"hidden\" name=\"page_url\" value=\"https:\/\/egle-immobilien.ch\/index.php?rest_route=\/wp\/v2\/pages\/1525\"><button type=\"submit\" name=\"wpforms[submit]\" id=\"wpforms-submit-1466\" class=\"wpforms-submit\" data-alt-text=\"Wird gesendet\u00a0\u2026\" data-submit-text=\"Absenden\" aria-live=\"assertive\" value=\"wpforms-submit\">Absenden<\/button><img decoding=\"async\" src=\"https:\/\/egle-immobilien.ch\/wp-content\/plugins\/wpforms-lite\/assets\/images\/submit-spin.svg\" class=\"wpforms-submit-spinner\" style=\"display: none;\" width=\"26\" height=\"26\" alt=\"Wird geladen\"><\/div><\/form><\/div>  <!-- .wpforms-container -->\t\t\t\t<\/div>\n\t\t\t\t<\/div>\n\t\t\t\t\t<\/div>\n\t\t\t\t<\/div>\n\t\t\t\t<\/div>\n\t\t","protected":false},"excerpt":{"rendered":"<p>Formular f\u00fcr Fremdparker Bitte aktiviere JavaScript in deinem Browser, um dieses Formular fertigzustellen.Bitte aktiviere JavaScript in deinem Browser, um dieses Formular fertigzustellen. Name * VornameNachname Wohnadresse * E-Mail-Adresse * E-Mail-AdresseE-Mail best\u00e4tigen TelefonnummerFahrzeugkennzeichen: *Kontrollzettelnummer: *Datum des Vorfalls: *Erkl\u00e4rung zum Vorfall: (Schildern Sie bitte den Vorfall aus Ihrer Sicht) Haben Sie eine Umtriebsentsch\u00e4digung oder einen Strafbefehl erhalten? [&hellip;]<\/p>\n","protected":false},"author":1,"featured_media":0,"parent":0,"menu_order":0,"comment_status":"closed","ping_status":"closed","template":"","meta":{"footnotes":""},"class_list":["post-1525","page","type-page","status-publish","hentry"],"_links":{"self":[{"href":"https:\/\/egle-immobilien.ch\/index.php?rest_route=\/wp\/v2\/pages\/1525","targetHints":{"allow":["GET"]}}],"collection":[{"href":"https:\/\/egle-immobilien.ch\/index.php?rest_route=\/wp\/v2\/pages"}],"about":[{"href":"https:\/\/egle-immobilien.ch\/index.php?rest_route=\/wp\/v2\/types\/page"}],"author":[{"embeddable":true,"href":"https:\/\/egle-immobilien.ch\/index.php?rest_route=\/wp\/v2\/users\/1"}],"replies":[{"embeddable":true,"href":"https:\/\/egle-immobilien.ch\/index.php?rest_route=%2Fwp%2Fv2%2Fcomments&post=1525"}],"version-history":[{"count":13,"href":"https:\/\/egle-immobilien.ch\/index.php?rest_route=\/wp\/v2\/pages\/1525\/revisions"}],"predecessor-version":[{"id":2011,"href":"https:\/\/egle-immobilien.ch\/index.php?rest_route=\/wp\/v2\/pages\/1525\/revisions\/2011"}],"wp:attachment":[{"href":"https:\/\/egle-immobilien.ch\/index.php?rest_route=%2Fwp%2Fv2%2Fmedia&parent=1525"}],"curies":[{"name":"wp","href":"https:\/\/api.w.org\/{rel}","templated":true}]}}