{"id":279,"date":"2024-12-16T12:11:34","date_gmt":"2024-12-16T11:11:34","guid":{"rendered":"https:\/\/egle-immobilien.ch\/?page_id=279"},"modified":"2025-01-20T11:31:46","modified_gmt":"2025-01-20T10:31:46","slug":"bewirtschaftung-stockwerkeigentum","status":"publish","type":"page","link":"https:\/\/egle-immobilien.ch\/?page_id=279","title":{"rendered":"Bewirtschaftung Stockwerkeigentum"},"content":{"rendered":"\t\t<div data-elementor-type=\"wp-page\" data-elementor-id=\"279\" class=\"elementor elementor-279\" data-elementor-settings=\"{&quot;ha_cmc_init_switcher&quot;:&quot;no&quot;}\" data-elementor-post-type=\"page\">\n\t\t\t\t<div class=\"elementor-element elementor-element-6dbddfa e-flex e-con-boxed e-con e-parent\" data-id=\"6dbddfa\" data-element_type=\"container\" data-settings=\"{&quot;background_background&quot;:&quot;classic&quot;,&quot;_ha_eqh_enable&quot;:false}\">\n\t\t\t\t\t<div class=\"e-con-inner\">\n\t\t\t\t\t<\/div>\n\t\t\t\t<\/div>\n\t\t<div class=\"elementor-element elementor-element-586cead e-flex e-con-boxed e-con e-parent\" data-id=\"586cead\" data-element_type=\"container\" data-settings=\"{&quot;background_background&quot;:&quot;classic&quot;,&quot;_ha_eqh_enable&quot;:false}\">\n\t\t\t\t\t<div class=\"e-con-inner\">\n\t\t<div class=\"elementor-element elementor-element-af9ef5c e-con-full e-flex e-con e-child\" data-id=\"af9ef5c\" data-element_type=\"container\" data-settings=\"{&quot;_ha_eqh_enable&quot;:false}\">\n\t\t\t\t<div class=\"elementor-element elementor-element-198089d ha-has-bg-overlay elementor-widget elementor-widget-heading\" data-id=\"198089d\" data-element_type=\"widget\" data-widget_type=\"heading.default\">\n\t\t\t\t<div class=\"elementor-widget-container\">\n\t\t\t\t\t<h1 class=\"elementor-heading-title elementor-size-default\">Bewirtschaftung von Stockwerkeigentum \u2013 F\u00fcr eine gut organisierte und harmonische Gemeinschaft<\/h1>\t\t\t\t<\/div>\n\t\t\t\t<\/div>\n\t\t\t\t<div class=\"elementor-element elementor-element-bf964a1 elementor-widget elementor-widget-text-editor\" data-id=\"bf964a1\" data-element_type=\"widget\" data-widget_type=\"text-editor.default\">\n\t\t\t\t<div class=\"elementor-widget-container\">\n\t\t\t\t\t\t\t\t\t<p>Die Bewirtschaftung von Stockwerkeigentum erfordert eine pr\u00e4zise Organisation, klare Kommunikation und umfassendes Fachwissen. Wir sorgen daf\u00fcr, dass die Belange Ihrer Stockwerkeigent\u00fcmergemeinschaft professionell und effizient geregelt werden. Unser Ziel ist es, eine harmonische Zusammenarbeit unter den Eigent\u00fcmern zu f\u00f6rdern und den reibungslosen Betrieb der Liegenschaft langfristig zu sichern.<\/p><p>\u00a0<\/p><p><strong>Unsere Leistungen im \u00dcberblick:<\/strong><\/p><ul><li><strong>Komplette Bewirtschaftungsdienstleistungen:<\/strong><br \/>Wir \u00fcbernehmen alle administrativen Aufgaben der Stockwerkeigent\u00fcmergemeinschaft, von der Organisation der Eigent\u00fcmerversammlungen \u00fcber die Protokollf\u00fchrung bis hin zur Verwaltung der gemeinschaftlichen Finanzen. Dabei stellen wir sicher, dass alle rechtlichen Anforderungen eingehalten werden und alle Prozesse transparent sind.<\/li><li><strong>Organisation der Instandhaltung:<\/strong><br \/>Wir koordinieren notwendige Wartungs- und Instandhaltungsarbeiten in den gemeinschaftlich genutzten Bereichen und arbeiten mit qualifizierten Fachpartnern zusammen. So stellen wir sicher, dass die technischen Einrichtungen einwandfrei bleiben und die Liegenschaft langfristig gepflegt wird.<\/li><li><strong>Kommunikation und Konfliktmanagement:<\/strong><br \/>Offene Kommunikation ist uns wichtig. Wir stehen als Ansprechpartner f\u00fcr Ihre Anliegen zur Verf\u00fcgung und setzen uns aktiv f\u00fcr L\u00f6sungen bei Konflikten ein, die den Interessen aller Eigent\u00fcmer gerecht werden.<\/li><li><strong>Digitales Kundenportal:<\/strong><br \/>\u00dcber unser sicheres Kundenportal haben Sie jederzeit Zugriff auf alle relevanten Dokumente und Informationen. So behalten Sie immer den \u00dcberblick und k\u00f6nnen Unterlagen bequem einsehen.<\/li><\/ul><p><br \/>Mit unserer Erfahrung bieten wir eine Bewirtschaftung, die genau auf die Bed\u00fcrfnisse Ihrer Gemeinschaft zugeschnitten ist. Wir sorgen daf\u00fcr, dass alle Prozesse reibungslos und effizient ablaufen.<\/p>\t\t\t\t\t\t\t\t<\/div>\n\t\t\t\t<\/div>\n\t\t\t\t<\/div>\n\t\t\t\t\t<\/div>\n\t\t\t\t<\/div>\n\t\t<div class=\"elementor-element elementor-element-d705a95 e-flex e-con-boxed e-con e-parent\" data-id=\"d705a95\" data-element_type=\"container\" data-settings=\"{&quot;_ha_eqh_enable&quot;:false}\">\n\t\t\t\t\t<div class=\"e-con-inner\">\n\t\t<div class=\"elementor-element elementor-element-7f2f68f e-con-full e-transform e-flex e-con e-child\" data-id=\"7f2f68f\" data-element_type=\"container\" data-settings=\"{&quot;background_background&quot;:&quot;classic&quot;,&quot;_transform_translateX_effect_hover&quot;:{&quot;unit&quot;:&quot;px&quot;,&quot;size&quot;:0,&quot;sizes&quot;:[]},&quot;_transform_translateY_effect_hover&quot;:{&quot;unit&quot;:&quot;px&quot;,&quot;size&quot;:-5,&quot;sizes&quot;:[]},&quot;_ha_eqh_enable&quot;:false,&quot;_transform_translateX_effect_hover_tablet&quot;:{&quot;unit&quot;:&quot;px&quot;,&quot;size&quot;:&quot;&quot;,&quot;sizes&quot;:[]},&quot;_transform_translateX_effect_hover_mobile&quot;:{&quot;unit&quot;:&quot;px&quot;,&quot;size&quot;:&quot;&quot;,&quot;sizes&quot;:[]},&quot;_transform_translateY_effect_hover_tablet&quot;:{&quot;unit&quot;:&quot;px&quot;,&quot;size&quot;:&quot;&quot;,&quot;sizes&quot;:[]},&quot;_transform_translateY_effect_hover_mobile&quot;:{&quot;unit&quot;:&quot;px&quot;,&quot;size&quot;:&quot;&quot;,&quot;sizes&quot;:[]}}\">\n\t\t\t\t<div class=\"elementor-element elementor-element-bfb4f02 elementor-widget elementor-widget-image\" data-id=\"bfb4f02\" data-element_type=\"widget\" data-widget_type=\"image.default\">\n\t\t\t\t<div class=\"elementor-widget-container\">\n\t\t\t\t\t\t\t\t\t\t\t\t\t\t\t\t<a href=\"https:\/\/egle-immobilien.ch\/?page_id=356\">\n\t\t\t\t\t\t\t<img fetchpriority=\"high\" decoding=\"async\" width=\"612\" height=\"408\" src=\"https:\/\/egle-immobilien.ch\/wp-content\/uploads\/2025\/01\/Parking-lot-opt-2.jpg\" class=\"attachment-full size-full wp-image-1835\" alt=\"\" srcset=\"https:\/\/egle-immobilien.ch\/wp-content\/uploads\/2025\/01\/Parking-lot-opt-2.jpg 612w, https:\/\/egle-immobilien.ch\/wp-content\/uploads\/2025\/01\/Parking-lot-opt-2-300x200.jpg 300w\" sizes=\"(max-width: 612px) 100vw, 612px\" \/>\t\t\t\t\t\t\t\t<\/a>\n\t\t\t\t\t\t\t\t\t\t\t\t\t\t\t<\/div>\n\t\t\t\t<\/div>\n\t\t\t\t<div class=\"elementor-element elementor-element-871a468 elementor-widget elementor-widget-text-editor\" data-id=\"871a468\" data-element_type=\"widget\" data-widget_type=\"text-editor.default\">\n\t\t\t\t<div class=\"elementor-widget-container\">\n\t\t\t\t\t\t\t\t\t<p><strong>Parkplatz- und Grundst\u00fcckbewirtschaftung<\/strong><\/p><p><strong>\u00a0<\/strong><\/p><p>Wir \u00fcbernehmen das effiziente Management Ihrer Grundst\u00fccke \u2013 mit gezielten Massnahmen gegen Fremdparker.<\/p>\t\t\t\t\t\t\t\t<\/div>\n\t\t\t\t<\/div>\n\t\t\t\t<\/div>\n\t\t<div class=\"elementor-element elementor-element-3510cc1 e-con-full e-transform e-flex e-con e-child\" data-id=\"3510cc1\" data-element_type=\"container\" data-settings=\"{&quot;background_background&quot;:&quot;classic&quot;,&quot;_transform_translateY_effect_hover&quot;:{&quot;unit&quot;:&quot;px&quot;,&quot;size&quot;:-5,&quot;sizes&quot;:[]},&quot;_transform_translateX_effect_hover&quot;:{&quot;unit&quot;:&quot;px&quot;,&quot;size&quot;:0,&quot;sizes&quot;:[]},&quot;_ha_eqh_enable&quot;:false,&quot;_transform_translateX_effect_hover_tablet&quot;:{&quot;unit&quot;:&quot;px&quot;,&quot;size&quot;:&quot;&quot;,&quot;sizes&quot;:[]},&quot;_transform_translateX_effect_hover_mobile&quot;:{&quot;unit&quot;:&quot;px&quot;,&quot;size&quot;:&quot;&quot;,&quot;sizes&quot;:[]},&quot;_transform_translateY_effect_hover_tablet&quot;:{&quot;unit&quot;:&quot;px&quot;,&quot;size&quot;:&quot;&quot;,&quot;sizes&quot;:[]},&quot;_transform_translateY_effect_hover_mobile&quot;:{&quot;unit&quot;:&quot;px&quot;,&quot;size&quot;:&quot;&quot;,&quot;sizes&quot;:[]}}\">\n\t\t\t\t<div class=\"elementor-element elementor-element-4a0f35f elementor-widget elementor-widget-image\" data-id=\"4a0f35f\" data-element_type=\"widget\" data-widget_type=\"image.default\">\n\t\t\t\t<div class=\"elementor-widget-container\">\n\t\t\t\t\t\t\t\t\t\t\t\t\t\t\t\t<a href=\"https:\/\/egle-immobilien.ch\/?page_id=278\">\n\t\t\t\t\t\t\t<img decoding=\"async\" width=\"2038\" height=\"942\" src=\"https:\/\/egle-immobilien.ch\/wp-content\/uploads\/2025\/01\/iStock-1357529222-e1736787342401.jpg\" class=\"attachment-full size-full wp-image-1001\" alt=\"\" srcset=\"https:\/\/egle-immobilien.ch\/wp-content\/uploads\/2025\/01\/iStock-1357529222-e1736787342401.jpg 2038w, https:\/\/egle-immobilien.ch\/wp-content\/uploads\/2025\/01\/iStock-1357529222-e1736787342401-300x139.jpg 300w, https:\/\/egle-immobilien.ch\/wp-content\/uploads\/2025\/01\/iStock-1357529222-e1736787342401-1024x473.jpg 1024w, https:\/\/egle-immobilien.ch\/wp-content\/uploads\/2025\/01\/iStock-1357529222-e1736787342401-768x355.jpg 768w, https:\/\/egle-immobilien.ch\/wp-content\/uploads\/2025\/01\/iStock-1357529222-e1736787342401-1536x710.jpg 1536w\" sizes=\"(max-width: 2038px) 100vw, 2038px\" \/>\t\t\t\t\t\t\t\t<\/a>\n\t\t\t\t\t\t\t\t\t\t\t\t\t\t\t<\/div>\n\t\t\t\t<\/div>\n\t\t\t\t<div class=\"elementor-element elementor-element-892efde elementor-widget elementor-widget-text-editor\" data-id=\"892efde\" data-element_type=\"widget\" data-widget_type=\"text-editor.default\">\n\t\t\t\t<div class=\"elementor-widget-container\">\n\t\t\t\t\t\t\t\t\t<p><strong>Bewirtschaftung von Mietliegenschaften<\/strong><\/p><p><strong><br><\/strong><\/p>\n<p><\/p>\n<p>Wir k\u00fcmmern uns um die komplette Verwaltung Ihrer Mietliegenschaften \u2013 zuverl\u00e4ssig und effizient.<\/p>\n<p><br><\/p>\t\t\t\t\t\t\t\t<\/div>\n\t\t\t\t<\/div>\n\t\t\t\t<\/div>\n\t\t<div class=\"elementor-element elementor-element-ef50805 e-con-full e-transform e-flex e-con e-child\" data-id=\"ef50805\" data-element_type=\"container\" data-settings=\"{&quot;background_background&quot;:&quot;classic&quot;,&quot;_transform_translateY_effect_hover&quot;:{&quot;unit&quot;:&quot;px&quot;,&quot;size&quot;:-5,&quot;sizes&quot;:[]},&quot;_transform_translateX_effect_hover&quot;:{&quot;unit&quot;:&quot;px&quot;,&quot;size&quot;:0,&quot;sizes&quot;:[]},&quot;_ha_eqh_enable&quot;:false,&quot;_transform_translateX_effect_hover_tablet&quot;:{&quot;unit&quot;:&quot;px&quot;,&quot;size&quot;:&quot;&quot;,&quot;sizes&quot;:[]},&quot;_transform_translateX_effect_hover_mobile&quot;:{&quot;unit&quot;:&quot;px&quot;,&quot;size&quot;:&quot;&quot;,&quot;sizes&quot;:[]},&quot;_transform_translateY_effect_hover_tablet&quot;:{&quot;unit&quot;:&quot;px&quot;,&quot;size&quot;:&quot;&quot;,&quot;sizes&quot;:[]},&quot;_transform_translateY_effect_hover_mobile&quot;:{&quot;unit&quot;:&quot;px&quot;,&quot;size&quot;:&quot;&quot;,&quot;sizes&quot;:[]}}\">\n\t\t\t\t<div class=\"elementor-element elementor-element-0392e0c elementor-widget elementor-widget-image\" data-id=\"0392e0c\" data-element_type=\"widget\" data-widget_type=\"image.default\">\n\t\t\t\t<div class=\"elementor-widget-container\">\n\t\t\t\t\t\t\t\t\t\t\t\t\t\t\t\t<a href=\"https:\/\/egle-immobilien.ch\/?page_id=279\">\n\t\t\t\t\t\t\t<img decoding=\"async\" width=\"2120\" height=\"1032\" src=\"https:\/\/egle-immobilien.ch\/wp-content\/uploads\/2025\/01\/iStock-1412736968-e1736787941111.jpg\" class=\"attachment-full size-full wp-image-999\" alt=\"\" srcset=\"https:\/\/egle-immobilien.ch\/wp-content\/uploads\/2025\/01\/iStock-1412736968-e1736787941111.jpg 2120w, https:\/\/egle-immobilien.ch\/wp-content\/uploads\/2025\/01\/iStock-1412736968-e1736787941111-300x146.jpg 300w, https:\/\/egle-immobilien.ch\/wp-content\/uploads\/2025\/01\/iStock-1412736968-e1736787941111-1024x498.jpg 1024w, https:\/\/egle-immobilien.ch\/wp-content\/uploads\/2025\/01\/iStock-1412736968-e1736787941111-768x374.jpg 768w, https:\/\/egle-immobilien.ch\/wp-content\/uploads\/2025\/01\/iStock-1412736968-e1736787941111-1536x748.jpg 1536w, https:\/\/egle-immobilien.ch\/wp-content\/uploads\/2025\/01\/iStock-1412736968-e1736787941111-2048x997.jpg 2048w\" sizes=\"(max-width: 2120px) 100vw, 2120px\" \/>\t\t\t\t\t\t\t\t<\/a>\n\t\t\t\t\t\t\t\t\t\t\t\t\t\t\t<\/div>\n\t\t\t\t<\/div>\n\t\t\t\t<div class=\"elementor-element elementor-element-055371d elementor-widget elementor-widget-text-editor\" data-id=\"055371d\" data-element_type=\"widget\" data-widget_type=\"text-editor.default\">\n\t\t\t\t<div class=\"elementor-widget-container\">\n\t\t\t\t\t\t\t\t\t<p><strong style=\"color: var( --e-global-color-7117d00 ); background-color: var( --e-global-color-primary );\">Bewirtschaftung von Stockwerkeigentum<\/strong><\/p>\n<p><strong><br><\/strong><\/p>\n<p><\/p>\n<p>Wir f\u00fchren Ihre STWEG professionell \u2013 kompetent in allen administrativen und technischen Belangen.<\/p><p><br><\/p>\t\t\t\t\t\t\t\t<\/div>\n\t\t\t\t<\/div>\n\t\t\t\t<\/div>\n\t\t<div class=\"elementor-element elementor-element-a6a0eb4 e-con-full e-transform e-flex e-con e-child\" data-id=\"a6a0eb4\" data-element_type=\"container\" data-settings=\"{&quot;background_background&quot;:&quot;classic&quot;,&quot;_transform_translateY_effect_hover&quot;:{&quot;unit&quot;:&quot;px&quot;,&quot;size&quot;:-5,&quot;sizes&quot;:[]},&quot;_transform_translateX_effect_hover&quot;:{&quot;unit&quot;:&quot;px&quot;,&quot;size&quot;:0,&quot;sizes&quot;:[]},&quot;_ha_eqh_enable&quot;:false,&quot;_transform_translateX_effect_hover_tablet&quot;:{&quot;unit&quot;:&quot;px&quot;,&quot;size&quot;:&quot;&quot;,&quot;sizes&quot;:[]},&quot;_transform_translateX_effect_hover_mobile&quot;:{&quot;unit&quot;:&quot;px&quot;,&quot;size&quot;:&quot;&quot;,&quot;sizes&quot;:[]},&quot;_transform_translateY_effect_hover_tablet&quot;:{&quot;unit&quot;:&quot;px&quot;,&quot;size&quot;:&quot;&quot;,&quot;sizes&quot;:[]},&quot;_transform_translateY_effect_hover_mobile&quot;:{&quot;unit&quot;:&quot;px&quot;,&quot;size&quot;:&quot;&quot;,&quot;sizes&quot;:[]}}\">\n\t\t\t\t<div class=\"elementor-element elementor-element-cfb498d elementor-widget elementor-widget-image\" data-id=\"cfb498d\" data-element_type=\"widget\" data-widget_type=\"image.default\">\n\t\t\t\t<div class=\"elementor-widget-container\">\n\t\t\t\t\t\t\t\t\t\t\t\t\t\t\t\t<a href=\"https:\/\/egle-immobilien.ch\/?page_id=357\">\n\t\t\t\t\t\t\t<img loading=\"lazy\" decoding=\"async\" width=\"2121\" height=\"1414\" src=\"https:\/\/egle-immobilien.ch\/wp-content\/uploads\/2025\/01\/iStock-1302150641.jpg\" class=\"attachment-full size-full wp-image-1469\" alt=\"\" srcset=\"https:\/\/egle-immobilien.ch\/wp-content\/uploads\/2025\/01\/iStock-1302150641.jpg 2121w, https:\/\/egle-immobilien.ch\/wp-content\/uploads\/2025\/01\/iStock-1302150641-300x200.jpg 300w, https:\/\/egle-immobilien.ch\/wp-content\/uploads\/2025\/01\/iStock-1302150641-1024x683.jpg 1024w, https:\/\/egle-immobilien.ch\/wp-content\/uploads\/2025\/01\/iStock-1302150641-768x512.jpg 768w, https:\/\/egle-immobilien.ch\/wp-content\/uploads\/2025\/01\/iStock-1302150641-1536x1024.jpg 1536w, https:\/\/egle-immobilien.ch\/wp-content\/uploads\/2025\/01\/iStock-1302150641-2048x1365.jpg 2048w\" sizes=\"(max-width: 2121px) 100vw, 2121px\" \/>\t\t\t\t\t\t\t\t<\/a>\n\t\t\t\t\t\t\t\t\t\t\t\t\t\t\t<\/div>\n\t\t\t\t<\/div>\n\t\t\t\t<div class=\"elementor-element elementor-element-154276f elementor-widget elementor-widget-text-editor\" data-id=\"154276f\" data-element_type=\"widget\" data-widget_type=\"text-editor.default\">\n\t\t\t\t<div class=\"elementor-widget-container\">\n\t\t\t\t\t\t\t\t\t<p><strong>Erstvermietung und\u00a0<br \/><\/strong><strong style=\"color: var( --e-global-color-7117d00 ); background-color: var( --e-global-color-primary );\">Vermarktung<\/strong><\/p><p>\u00a0<\/p><p>Wir bringen Ihr Objekt erfolgreich auf den Markt \u2013 von der Mietzinsbestimmung \u00fcber Besichtigungen bis hin zur professionellen \u00dcbergabe.<\/p>\t\t\t\t\t\t\t\t<\/div>\n\t\t\t\t<\/div>\n\t\t\t\t<\/div>\n\t\t\t\t\t<\/div>\n\t\t\t\t<\/div>\n\t\t\t\t<\/div>\n\t\t","protected":false},"excerpt":{"rendered":"<p>Bewirtschaftung von Stockwerkeigentum \u2013 F\u00fcr eine gut organisierte und harmonische Gemeinschaft Die Bewirtschaftung von Stockwerkeigentum erfordert eine pr\u00e4zise Organisation, klare Kommunikation und umfassendes Fachwissen. Wir sorgen daf\u00fcr, dass die Belange Ihrer Stockwerkeigent\u00fcmergemeinschaft professionell und effizient geregelt werden. Unser Ziel ist es, eine harmonische Zusammenarbeit unter den Eigent\u00fcmern zu f\u00f6rdern und den reibungslosen Betrieb der Liegenschaft [&hellip;]<\/p>\n","protected":false},"author":1,"featured_media":0,"parent":0,"menu_order":0,"comment_status":"closed","ping_status":"closed","template":"elementor_header_footer","meta":{"footnotes":""},"class_list":["post-279","page","type-page","status-publish","hentry"],"_links":{"self":[{"href":"https:\/\/egle-immobilien.ch\/index.php?rest_route=\/wp\/v2\/pages\/279","targetHints":{"allow":["GET"]}}],"collection":[{"href":"https:\/\/egle-immobilien.ch\/index.php?rest_route=\/wp\/v2\/pages"}],"about":[{"href":"https:\/\/egle-immobilien.ch\/index.php?rest_route=\/wp\/v2\/types\/page"}],"author":[{"embeddable":true,"href":"https:\/\/egle-immobilien.ch\/index.php?rest_route=\/wp\/v2\/users\/1"}],"replies":[{"embeddable":true,"href":"https:\/\/egle-immobilien.ch\/index.php?rest_route=%2Fwp%2Fv2%2Fcomments&post=279"}],"version-history":[{"count":55,"href":"https:\/\/egle-immobilien.ch\/index.php?rest_route=\/wp\/v2\/pages\/279\/revisions"}],"predecessor-version":[{"id":1949,"href":"https:\/\/egle-immobilien.ch\/index.php?rest_route=\/wp\/v2\/pages\/279\/revisions\/1949"}],"wp:attachment":[{"href":"https:\/\/egle-immobilien.ch\/index.php?rest_route=%2Fwp%2Fv2%2Fmedia&parent=279"}],"curies":[{"name":"wp","href":"https:\/\/api.w.org\/{rel}","templated":true}]}}